der when 501 is divided by 40?
21
What is the remainder when 217 is divided by 100?
17
What is the remainder when 44 is divided by 17?
10
What is the remainder when 5008 is divided by 30?
28
Calculate the remainder when 24 is divided by 6.
0
What is the remainder when 74 is divided by 19?
17
What is the remainder when 1503 is divided by 26?
21
Calculate the remainder when 9074 is divided by 75.
74
Calculate the remainder when 8709 is divided by 31.
29
Calculate the remainder when 123 is divided by 15.
3
What is the remainder when 1562 is divided by 143?
132
What is the remainder when 267 is divided by 7?
1
What is the remainder when 2153 is divided by 166?
161
Calculate the remainder when 192 is divided by 68.
56
Calculate the remainder when 363 is divided by 122.
119
Calculate the remainder when 1105 is divided by 363.
16
Calculate the remainder when 293 is divided by 74.
71
Calculate the remainder when 5296 is divided by 17.
9
What is the remainder when 189 is divided by 55?
24
Calculate the remainder when 106 is divided by 28.
22
What is the remainder when 705 is divided by 101?
99
Calculate the remainder when 5199 is divided by 50.
49
What is the remainder when 116 is divided by 62?
54
What is the remainder when 133 is divided by 38?
19
What is the remainder when 2021 is divided by 23?
20
Calculate the remainder when 292 is divided by 98.
96
What is the remainder when 1204 is divided by 60?
4
Calculate the remainder when 62 is divided by 22.
18
Calculate the remainder when 157 is divided by 75.
7
Calculate the remainder when 1649 is divided by 14.
11
Calculate the remainder when 310 is divided by 84.
58
What is the remainder when 2804 is divided by 46?
44
Calculate the remainder when 93 is divided by 48.
45
What is the remainder when 9898 is divided by 165?
163
What is the remainder when 194 is divided by 65?
64
Calculate the remainder when 21 is divided by 8.
5
Calculate the remainder when 277 is divided by 62.
29
What is the remainder when 1998 is divided by 69?
66
Calculate the remainder when 678 is divided by 137.
130
What is the remainder when 159 is divided by 27?
24
What is the remainder when 739 is divided by 19?
17
Calculate the remainder when 91 is divided by 73.
18
Calculate the remainder when 5014 is divided by 11.
9
Calculate the remainder when 61497 is divided by 12.
9
Calculate the remainder when 110 is divided by 45.
20
What is the remainder when 79 is divided by 17?
11
Calculate the remainder when 454 is divided by 70.
34
What is the remainder when 2694 is divided by 54?
48
Calculate the remainder when 108 is divided by 11.
9
Calculate the remainder when 165 is divided by 78.
9
What is the remainder when 431 is divided by 72?
71
Calculate the remainder when 143 is divided by 73.
70
Calculate the remainder when 302 is divided by 19.
17
What is the remainder when 395 is divided by 37?
25
What is the remainder when 118 is divided by 24?
22
Calculate the remainder when 72 is divided by 34.
4
What is the remainder when 132 is divided by 57?
18
What is the remainder when 77 is divided by 5?
2
What is the remainder when 91 is divided by 9?
1
Calculate the remainder when 19 is divided by 4.
3
What is the remainder when 236 is divided by 190?
46
Calculate the remainder when 242 is divided by 49.
46
What is the remainder when 1147 is divided by 25?
22
What is the remainder when 2155 is divided by 40?
35
What is the remainder when 6723 is divided by 164?
163
What is the remainder when 357 is divided by 60?
57
What is the remainder when 693 is divided by 222?
27
What is the remainder when 358 is divided by 36?
34
What is the remainder when 3981 is divided by 181?
180
What is the remainder when 8706 is divided by 4?
2
Calculate the remainder when 231 is divided by 49.
35
What is the remainder when 262 is divided by 42?
10
What is the remainder when 314 is divided by 53?
49
What is the remainder when 428 is divided by 39?
38
What is the remainder when 484 is divided by 122?
118
Calculate the remainder when 5130 is divided by 29.
26
Calculate the remainder when 60 is divided by 30.
0
What is the remainder when 238 is divided by 53?
26
What is the remainder when 597 is divided by 86?
81
Calculate the remainder when 226 is divided by 33.
28
Calculate the remainder when 6534 is divided by 19.
17
Calculate the remainder when 65 is divided by 21.
2
What is the remainder when 692 is divided by 101?
86
Calculate the remainder when 712 is divided by 45.
37
What is the remainder when 332 is divided by 37?
36
What is the remainder when 679 is divided by 34?
33
What is the remainder when 138 is divided by 54?
30
Calculate the remainder when 661 is divided by 111.
106
What is the remainder when 48 is divided by 25?
23
What is the remainder when 216 is divided by 135?
81
Calculate the remainder when 2845 is divided by 221.
193
What is the remainder when 3397 is divided by 136?
133
Calculate the remainder when 795 is divided by 180.
75
Calculate the remainder when 167 is divided by 59.
49
Calculate the remainder when 5935 is divided by 989.
1
Calculate the remainder when 1590 is divided by 27.
24
Calculate the remainder when 297 is divided by 4.
1
Calculate the remainder when 42 is divided by 11.
9
Calculate the remainder when 366 is divided by 190.
176
Calculate the remainder when 206 is divided by 52.
50
Calculate the remainder when 207 is divided by 13.
12
Calculate the remainder when 158 is divided by 47.
17
What is the remainder when 907 is divided by 12?
7
What is the remainder when 116 is divided by 45?
26
What is the remainder when 232 is divided by 7?
1
What is the remainder when 91 is divided by 23?
22
Calculate the remainder when 108 is divided by 14.
10
Calculate the remainder when 319 is divided by 66.
55
What is the remainder when 31 is divided by 27?
4
What is the remainder when 71 is divided by 32?
7
Calculate the remainder when 119 is divided by 41.
37
What is the remainder when 256 is divided by 85?
1
Calculate the remainder when 1564 is divided by 63.
52
Calculate the remainder when 352 is divided by 24.
16
What is the remainder when 51 is divided by 18?
15
Calculate the remainder when 933 is divided by 232.
5
Calculate the remainder when 25 is divided by 6.
1
Calculate the remainder when 333 is divided by 163.
7
Calculate the remainder when 27647 is divided by 35.
32
What is the remainder when 1662 is divided by 128?
126
Calculate the remainder when 2345 is divided by 69.
68
Calculate the remainder when 346 is divided by 170.
6
Calculate the remainder when 51 is divided by 28.
23
Calculate the remainder when 134 is divided by 29.
18
Calculate the remainder when 188 is divided by 47.
0
Calculate the remainder when 487 is divided by 5.
2
Calculate the remainder when 174 is divided by 62.
50
What is the remainder when 1385 is divided by 31?
21
Calculate the remainder when 86 is divided by 5.
1
Calculate the remainder when 685 is divided by 137.
0
What is the remainder when 7024 is divided by 2336?
16
What is the remainder when 199 is divided by 23?
15
What is the remainder when 833 is divided by 412?
9
What is the remainder when 214 is divided by 18?
16
What is the remainder when 2398 is divided by 124?
42
Calculate the remainder when 2107 is divided by 31.
30
What is the remainder when 3471 is divided by 9?
6
What is the remainder when 154 is divided by 51?
1
What is the remainder when 141 is divided by 115?
26
Calculate the remainder when 827 is divided by 74.
13
Calculate the remainder when 294 is divided by 287.
7
What is the remainder when 988 is divided by 15?
13
What is the remainder when 10911 is divided by 51?
48
Calculate the remainder when 575 is divided by 36.
35
What is the remainder when 5147 is divided by 132?
131
Calculate the remainder when 937 is divided by 229.
21
Calculate the remainder when 346 is divided by 329.
17
Calculate the remainder when 41 is divided by 23.
18
Calculate the remainder when 1377 is divided by 15.
12
What is the remainder when 34 is divided by 26?
8
Calculate the remainder when 53 is divided by 51.
2
What is the remainder when 883 is divided by 882?
1
What is the remainder when 232 is divided by 34?
28
What is the remainder when 1350 is divided by 104?
102
What is the remainder when 5015